ommon factor of 10275575 and 35484?
2957
What is the greatest common divisor of 29984 and 9553652?
3748
Calculate the highest common divisor of 52 and 82232306.
26
Calculate the highest common factor of 115852 and 66968.
44
What is the greatest common divisor of 28014870 and 1560?
390
What is the greatest common divisor of 129809 and 3494274?
271
What is the highest common factor of 17452 and 847320778?
8726
Calculate the highest common factor of 7155 and 1769405.
265
Calculate the highest common factor of 191676145 and 4348.
1087
What is the highest common divisor of 210604 and 52540?
148
Calculate the highest common divisor of 1303308 and 66543.
123
What is the greatest common divisor of 451339 and 978782?
1057
Calculate the highest common divisor of 247751820 and 1440.
180
What is the highest common factor of 9449848 and 192672?
1784
What is the highest common factor of 1014044 and 133036?
316
Calculate the greatest common divisor of 8984128 and 8244.
916
Calculate the highest common divisor of 1431 and 13419441.
477
What is the greatest common divisor of 9929962 and 126?
14
What is the highest common factor of 489192 and 9537?
561
Calculate the greatest common factor of 661373467 and 4285.
857
Calculate the greatest common factor of 38 and 1085616908.
38
What is the highest common divisor of 4 and 58966474?
2
What is the greatest common divisor of 110 and 510829?
11
What is the highest common factor of 745524 and 376164?
972
What is the highest common factor of 8890641 and 648?
81
What is the greatest common factor of 9187950 and 6480?
30
What is the highest common factor of 26512096 and 11312?
1616
What is the highest common factor of 52 and 102087856?
52
What is the greatest common factor of 440348 and 19244?
1132
What is the highest common divisor of 289845648 and 10370?
2074
What is the highest common divisor of 5760 and 27692640?
1440
Calculate the greatest common divisor of 21 and 1470596421.
21
What is the greatest common factor of 570179 and 24743?
109
What is the highest common factor of 2829120 and 660?
60
Calculate the greatest common divisor of 16554 and 567642.
534
Calculate the highest common divisor of 175375124 and 41782.
3214
Calculate the greatest common divisor of 917918844 and 2676.
2676
What is the highest common divisor of 3596754 and 24360?
1218
What is the highest common factor of 29914403 and 5?
1
Calculate the greatest common divisor of 1867978451 and 2543.
2543
What is the highest common factor of 7093 and 832420294?
7093
What is the highest common factor of 34606 and 4466?
22
What is the highest common factor of 140924 and 133015?
719
What is the highest common divisor of 20 and 6380692?
4
Calculate the highest common factor of 5610 and 2837130.
510
Calculate the greatest common divisor of 1647899 and 2420.
121
Calculate the greatest common divisor of 60960 and 11664.
48
What is the highest common divisor of 2669788 and 142692?
2068
What is the greatest common divisor of 1138 and 246230198?
1138
What is the greatest common factor of 1122 and 2796942?
102
What is the highest common divisor of 1247 and 20745092?
1247
Calculate the highest common divisor of 19262460 and 45.
15
What is the highest common divisor of 57096 and 16254?
18
Calculate the highest common divisor of 128 and 10735584.
32
Calculate the highest common factor of 790844 and 10.
2
What is the greatest common factor of 210958 and 140954?
946
What is the highest common factor of 92106 and 1441566?
2142
Calculate the greatest common divisor of 198531 and 2039103.
387
What is the highest common factor of 1323 and 58016?
49
Calculate the greatest common divisor of 10168 and 53072.
248
What is the highest common divisor of 637 and 36211?
49
Calculate the highest common divisor of 2005 and 10425.
5
What is the greatest common factor of 230945 and 419705?
715
Calculate the highest common divisor of 4187623 and 22385.
407
Calculate the greatest common factor of 10776602 and 5921.
191
What is the highest common divisor of 152548695 and 7605?
7605
What is the highest common factor of 10102945 and 27695?
955
Calculate the highest common divisor of 6213725 and 875.
175
What is the highest common divisor of 64 and 11848112?
16
What is the greatest common divisor of 53201786 and 7106?
418
What is the greatest common factor of 54650567 and 29384?
3673
What is the greatest common factor of 6444 and 3110364?
36
What is the highest common factor of 19257 and 22736?
49
Calculate the greatest common factor of 976 and 183016104.
488
What is the highest common factor of 277 and 409629816?
277
What is the highest common divisor of 9336590 and 9890?
430
Calculate the greatest common divisor of 5514614 and 56.
14
What is the highest common factor of 6812950 and 413850?
4450
What is the greatest common factor of 13000776 and 1608?
24
Calculate the highest common factor of 35751678 and 1746.
582
What is the highest common factor of 1246 and 34994266?
178
Calculate the greatest common factor of 100187010 and 2013.
2013
Calculate the highest common factor of 21689390 and 2030.
290
Calculate the highest common divisor of 15951656 and 441.
49
Calculate the greatest common divisor of 31561310 and 50.
10
What is the greatest common divisor of 12 and 625204362?
6
Calculate the greatest common factor of 214527 and 274383.
129
What is the highest common divisor of 834 and 949152?
6
Calculate the greatest common factor of 5699 and 9092324.
41
Calculate the highest common divisor of 48 and 34521776.
16
Calculate the greatest common factor of 21619 and 1443484.
1663
What is the highest common divisor of 102042 and 14526?
18
What is the highest common factor of 3370554 and 172782?
522
Calculate the highest common divisor of 19 and 3071423891.
19
What is the highest common factor of 7485 and 130545?
15
Calculate the highest common factor of 6778 and 77096361.
3389
Calculate the highest common divisor of 2041598 and 136617.
403
What is the highest common divisor of 9446 and 7996039?
4723
Calculate the greatest common divisor of 7832 and 9114668.
356
Calculate the greatest common divisor of 2892 and 136724.
4
What is the greatest common factor of 1099136 and 2368?
64
What is the greatest common divisor of 29285995 and 2826?
157
What is the greatest common divisor of 32611500 and 142875?
1125
What is the highest common divisor of 6725 and 330063?
269
What is the greatest common factor of 1278 and 513306?
18
Calculate the greatest common factor of 48 and 760528.
16
What is the greatest common divisor of 27328 and 2400167?
427
Calculate the greatest common factor of 687 and 14339751.
687
Calculate the highest common divisor of 55822 and 78052.
494
What is the highest common divisor of 2880 and 1467380?
20
What is the highest common divisor of 210 and 6405973?
7
What is the highest common divisor of 1130 and 380087365?
565
What is the highest common factor of 391 and 997349?
23
Calculate the greatest common factor of 31605494 and 5864.
1466
Calculate the greatest common divisor of 3496 and 1233651.
437
Calculate the highest common factor of 194 and 147433113.
97
What is the highest common factor of 885327432 and 2952?
984
What is the highest common divisor of 9325 and 4539525?
25
Calculate the greatest common divisor of 28592494 and 7756.
3878
What is the greatest common factor of 62 and 38037372?
62
Calculate the greatest common factor of 669366 and 315126.
738
Calculate the highest common divisor of 614 and 8394915.
307
Calculate the highest common divisor of 10275 and 40806135.
2055
What is the highest common factor of 137120 and 122131070?
8570
Calculate the highest common divisor of 27958320 and 15.
15
What is the highest common factor of 198380 and 7114975?
3815
Calculate the highest common factor of 873 and 4705758.
9
What is the highest common factor of 538584866 and 1074?
358
What is the greatest common factor of 59411 and 2418911?
121
What is the highest common factor of 4822776 and 6552?
504
Calculate the greatest common divisor of 61128300 and 50.
50
What is the greatest common divisor of 532310 and 6895?
5
Calculate the greatest common divisor of 2509689 and 51233.
91
What is the highest common factor of 81 and 63407583?
27
Calculate the highest common factor of 80985272 and 4